t l(y) = 7*y + 13. Let q be 4/14 + 95/35 + 0. Let n be l(q). Let g = n - 7. List the prime factors of g.
3
Let a(f) = -2155*f + 234. What are the prime factors of a(-1)?
2389
Let d(j) = -j**3. Let m(b) = 7*b**3 + 32*b**2 - 30*b + 41. Let u(c) = -6*d(c) - m(c). What are the prime factors of u(-33)?
2, 29
Let j be 2*(-9)/(-12)*2. Suppose j = m, -p + 3*m - m = -14. What are the prime factors of 63 - 5/p*0?
3, 7
Suppose 15*h - 98049 = 3396. What are the prime factors of h?
6763
Let t(l) = 345*l**2 - 6*l + 3. What are the prime factors of t(4)?
3, 13, 47
Suppose -2*i - 3*i = -50. Suppose 8*f - 620 = -572. Suppose -488 = f*u - i*u. List the prime factors of u.
2, 61
Let b(z) = 3*z**2 - 152 - z**2 + 518 - 3*z**2. Let p be b(0). Suppose 0*a = 6*a - p. What are the prime factors of a?
61
Suppose -10*y - 144 = 2*y. List the prime factors of y/8*(-818)/3.
409
Let g(r) = -r**3 - 5*r**2 - 4*r + 1. Suppose -3*s + 5*k - 14 = -2, 0 = 2*s + 2*k + 8. Let a be g(s). Let l = a - -24. What are the prime factors of l?
5
Suppose 3513*h = 3423*h + 4691430. What are the prime factors of h?
52127
List the prime factors of (-12)/10 - (72/(-252) - (-1554904)/(-70)).
2, 3, 617
Suppose 240*b + 19040 = 257*b. What are the prime factors of b?
2, 5, 7
Let w = 51 - 61. Let y be (-2056)/w + 10/25. Suppose 34 = 4*b - y. List the prime factors of b.
2, 3, 5
Suppose -22*r + 9*r = -1833. Suppose -411 = -2*d + r. What are the prime factors of d?
2, 3, 23
Suppose 3*w + 42 = 57. Suppose -w*m = -12*m + 4256. What are the prime factors of m?
2, 19
Let b = 47633 + -26017. What are the prime factors of b?
2, 7, 193
Let t = -43 - -42. Let p = 274 + t. What are the prime factors of p?
3, 7, 13
Let o(k) be the first derivative of -k**4 - k**3 + 4*k + 37. What are the prime factors of o(-3)?
5, 17
What are the prime factors of 43/(7740/8446608) - ((-14)/10 - -1)?
2, 3, 11, 79
Let s = -225 + 135. Let x = 297 + s. List the prime factors of x.
3, 23
Let v(g) = 18*g**2 + 625*g - 54. What are the prime factors of v(-49)?
12539
What are the prime factors of -14*(-496950)/(-60)*1/(-5)?
7, 3313
Let d be 2/((-4)/(-26)) + -4. Suppose d*u = 1911 + 1149. List the prime factors of u.
2, 5, 17
Suppose -3*n + 18 + 9 = 2*y, -4*n - 4*y = -40. Suppose -12*d + 50 = -n*d. What are the prime factors of d?
2, 5
Let t(g) = -62*g**3 + 6*g**2 + 17*g + 20. List the prime factors of t(-6).
2, 6763
Suppose 0 = -2*g - 3*n - 1 - 18, 4*g + 3*n = -23. Let v = 220 - 740. List the prime factors of v/((-15)/3) + 0/g.
2, 13
Let a be (15/6)/((5 - 4)/(-6)). Let h(v) = -v**3 - 14*v**2 + 14*v - 24. Let t be h(a). Let l(k) = -34*k - 11. List the prime factors of l(t).
5, 59
Let j = -36 - -217. Suppose 233 = n - 2*i, -j = 4*n + 5*i - 1178. What are the prime factors of n?
3
Suppose 0 = 3*m - w - 2791, 37*w - 4652 = -5*m + 39*w. What are the prime factors of m?
2, 3, 5, 31
Suppose 7879 = 6*j - 473. Suppose -537 = -5*b - j. What are the prime factors of b*(30/(-18) + (-4)/(-6))?
3, 19
Let k = -186 - -111. Let c = -90 - k. Let m(l) = -4*l + 31. What are the prime factors of m(c)?
7, 13
Suppose -p - 286 = -4*y + 805, 0 = -3*p - 3*y - 3243. Let d = p + 1530. What are the prime factors of d?
3, 149
Suppose -25282 - 4013 = -27*c. What are the prime factors of c?
5, 7, 31
Let w(h) = 453*h + 2118. What are the prime factors of w(3)?
3, 19, 61
Let u(i) = i**3 - 28*i**2 - 239*i - 423. List the prime factors of u(44).
3, 6679
Suppose -3*x + 5*v = -15, -3*x - 12 = 2*x + 4*v. Suppose -3*o + 12 = -3*t - 87, 3*o = x. Let r = t - -64. List the prime factors of r.
31
Let o be 2/18 - 7/(-63)*188. Suppose -4*t - 11237 = -o*t. List the prime factors of t.
661
Let h(r) = 3*r - 9. Let z(m) = -m + 1. Let l(u) = h(u) + 5*z(u). Let s be l(1). Let f(k) = k**2 + 2*k - 16. What are the prime factors of f(s)?
2
Let b = -45 + 50. Suppose 8*u = -b*w + 3*u - 25, 2*w + 13 = u. List the prime factors of ((w - 1) + -1)*-2.
2
Let j(w) = -3*w + 25. Let b(o) be the third derivative of 3*o**4/8 - 25*o**3/2 + 33*o**2. Let m(p) = 4*b(p) + 11*j(p). List the prime factors of m(10).
5
Let u(a) = 491*a + 12. Let x be u(1). Suppose -3*w = -x - 88. List the prime factors of w.
197
What are the prime factors of (-3499477)/134*8/(-4)?
19, 2749
Let p(q) be the third derivative of q**5/12 + 13*q**4/24 - 17*q**3/6 + 38*q**2 + 1. What are the prime factors of p(-10)?
353
Let v(j) = 2596*j**2 - j - 1. Let a be v(-1). Suppose 8*y + a = 12*y. What are the prime factors of y?
11, 59
Suppose 3*h - 2797 = 2*w, -3*h - 1189 = -3*w - 3982. Suppose -3*o + h = n - 27, n - 963 = -2*o. Suppose -p = -6*p + n. What are the prime factors of p?
193
List the prime factors of (-1*56 + (-57)/38)*-88.
2, 5, 11, 23
Let b be (-8)/76 + 1/(-38)*-194. Suppose b*i = -2*z + 2013, 0 = 4*z + i - 2*i - 4059. What are the prime factors of z?
2, 3, 13
Suppose -7*d = -10*d - 132. Let b = d - -50. Suppose 2*x + 297 = b*x - 3*m, -3*x + m + 219 = 0. What are the prime factors of x?
2, 3
Let b(d) = -2*d**2 + 13*d - 4. Let u be b(5). Suppose g + 900 = u*g. Let o = g + -47. List the prime factors of o.
43
Let v(k) = k + 1. Let l(w) = -12*w - 111. Let x(b) = -l(b) + 5*v(b). List the prime factors of x(24).
2, 131
Let y be (1/(-3))/((-5)/195). Let b(t) be the third derivative of 5*t**4/24 + 11*t**3/2 - 22*t**2. List the prime factors of b(y).
2, 7
Suppose 2*l - l - 64 = 0. Let m = l + 17. What are the prime factors of m?
3
Suppose 6*i - 63 + 3 = 0. Suppose -5*x - 67 = -i*x - 4*u, 0 = x - 5*u - 25. List the prime factors of x.
3, 5
Let z(a) = a**2 - a - 8. Let i be ((-32)/20)/((-2)/5). Let x be z(i). Suppose -3*l - j + 411 = 4*j, 3*l = x*j + 384. List the prime factors of l.
2, 3, 11
Suppose 3*t + 72 = -c + 2*c, -3*c = t - 236. Let a be c + (-2)/(5 - (4 + -1)). Suppose 3*i = g + 8*i - a, i + 224 = 4*g. What are the prime factors of g?
3, 19
Suppose 8*l - 10 = 3*l - 5*i, -4*i = -5*l + 19. Suppose -2*c + 918 = 4*a, l*c + 0*c = 9. What are the prime factors of a?
2, 3, 19
Let b be (8/(-3))/(2/6). Suppose 0 = -63*x + 81*x - 90. Let w = x - b. What are the prime factors of w?
13
Let j(g) = g**2 + 7*g - 13. Let c be j(-9). Suppose 0 = v - c*v + 8. Suppose -2*t + v*w + w + 201 = 0, 15 = -5*w. What are the prime factors of t?
2, 3
Let s(i) be the second derivative of 19*i + 1/3*i**3 - 4*i**2 + 1/12*i**4 + 0. What are the prime factors of s(7)?
5, 11
Let r(h) = -h**3 + h + 10. Let d be r(0). Let s = -674 - -806. Suppose -5*g + d*g - s = -t, g = 4. List the prime factors of t.
2, 7
List the prime factors of 12/336*0 - -60239.
59, 1021
Suppose -22 = -8*c + 18. Suppose 5*r + c*d = 1650, 5*d = -7*r + 5*r + 648. List the prime factors of r.
2, 167
Let s be ((-12)/7)/(1*(-4)/56). Suppose 7396 = s*p + 28. List the prime factors of p.
307
Let a = 2 - -2. Let o be 9*(-3)/(-4 + -3 + a). Suppose o*x - 1015 = 74. List the prime factors of x.
11
Suppose -102*x - 300 = -122*x. Let j(y) = -y**3 + 18*y**2 - 12*y - 26. What are the prime factors of j(x)?
7, 67
Suppose -301*i = 149092 - 8009105. What are the prime factors of i?
26113
Suppose -21*i + 56*i = -36*i + 1402108. List the prime factors of i.
2, 4937
Let w(s) = -s**3 + 6*s**2 + 5*s + 14. Let u = 33 + -27. Let m be w(u). Suppose -36*q + m = -32*q. What are the prime factors of q?
11
Suppose 2*t - 2*s = -2*t - 1380, 5*t + 4*s + 1725 = 0. Let z = t + 721. What are the prime factors of z?
2, 47
Suppose -4*x + 5*u = -3792, -u = -x + 341 + 607. Suppose -5*y + 2*w - 8 = 0, y - 3*w = 2*y - 12. Suppose y = -33*g + 27*g + x. List the prime factors of g.
2, 79
Suppose 4*n - 3*n = -16. Let f(v) = -3*v - 45. Let l be f(n). Suppose -5*t = l*t - 680. What are the prime factors of t?
5, 17
Suppose -5*a - 2*t + 7154 = -0*t, -2*t = a - 1434. List the prime factors of a.
2, 5, 11, 13
Let r = -33 + 52. Let u(h) = 10*h - 59. Let g be u(r). Suppose -6*m + 5*z + 695 = -m, -m = z - g. List the prime factors of m.
3, 5
What are the prime factors of (((-36)/(-10))/(-1))/((-340)/388450)?
3, 457
Let h = 13137 + -6391. List the prime factors of h.
2, 3373
What are the prime factors of 33225/20 - (8/2 - 19/4)?
2, 3, 277
Let l(y) = 20*y**2 + 4*y - 4. What are the prime factors of l(-11)?
2, 593
Let a(j) = -9*j**2 + 2*j + 1. Let o be a(-2). Let d = o + 43. Suppose f = -d*f + 905. What are the prime factors of f?
181
Let s(